6323
List the prime factors of 956266.
2, 647, 739
What are the prime factors of 2262876?
2, 3, 7, 11, 31, 79
What are the prime factors of 105721?
7, 11, 1373
List the prime factors of 2548091.
7, 13, 28001
List the prime factors of 18111559.
18111559
List the prime factors of 684965.
5, 136993
List the prime factors of 20072946.
2, 3, 3345491
What are the prime factors of 357192?
2, 3, 11, 41
What are the prime factors of 10087112?
2, 7, 43, 59, 71
List the prime factors of 242531.
283, 857
List the prime factors of 963654.
2, 3, 23, 6983
List the prime factors of 916332.
2, 3, 19, 4019
List the prime factors of 10115453.
101, 100153
List the prime factors of 295396.
2, 73849
What are the prime factors of 4352655?
3, 5, 61, 67, 71
What are the prime factors of 602410?
2, 5, 107, 563
What are the prime factors of 41726?
2, 31, 673
What are the prime factors of 12213173?
7, 97, 17987
What are the prime factors of 197626?
2, 11, 13, 691
List the prime factors of 2733410.
2, 5, 61, 4481
List the prime factors of 2389665.
3, 5, 159311
List the prime factors of 130474.
2, 89, 733
What are the prime factors of 10540935?
3, 5, 17, 1531
What are the prime factors of 313038?
2, 3, 11, 17, 31
List the prime factors of 2465781.
3, 41, 20047
List the prime factors of 219536.
2, 13721
What are the prime factors of 1092543?
3, 311, 1171
What are the prime factors of 832042?
2, 643, 647
What are the prime factors of 1270138?
2, 17, 37357
List the prime factors of 1079449.
7, 17, 47, 193
List the prime factors of 553034.
2, 276517
What are the prime factors of 15747056?
2, 13, 75707
What are the prime factors of 55127?
55127
List the prime factors of 1302494.
2, 651247
What are the prime factors of 2246610?
2, 3, 5, 74887
What are the prime factors of 33682068?
2, 3, 7, 14851
List the prime factors of 6404970.
2, 3, 5, 11, 13, 1493
What are the prime factors of 1103881?
19, 58099
List the prime factors of 129070.
2, 5, 12907
What are the prime factors of 55496?
2, 7, 991
List the prime factors of 3433884.
2, 3, 67, 4271
What are the prime factors of 1122937?
1122937
List the prime factors of 69812.
2, 31, 563
List the prime factors of 529211.
37, 14303
What are the prime factors of 162532?
2, 179, 227
What are the prime factors of 37706780?
2, 5, 1885339
List the prime factors of 11797493.
11797493
What are the prime factors of 89115?
3, 5, 13, 457
What are the prime factors of 13255431?
3, 7, 90173
List the prime factors of 13431060.
2, 3, 5, 29, 31, 83
What are the prime factors of 129375?
3, 5, 23
List the prime factors of 427878.
2, 3, 11, 2161
What are the prime factors of 4071382?
2, 7, 41, 173
List the prime factors of 2202198.
2, 3, 367033
List the prime factors of 86861.
86861
List the prime factors of 2604144.
2, 3, 227, 239
What are the prime factors of 10080421?
13, 775417
What are the prime factors of 8418937?
8418937
List the prime factors of 512565.
3, 5, 34171
What are the prime factors of 5419129?
547, 9907
What are the prime factors of 668510?
2, 5, 66851
List the prime factors of 90995.
5, 18199
List the prime factors of 157522.
2, 17, 41, 113
List the prime factors of 864157.
7, 41, 3011
List the prime factors of 940584.
2, 3, 39191
What are the prime factors of 2491182?
2, 3, 46133
List the prime factors of 40850.
2, 5, 19, 43
List the prime factors of 11794622.
2, 7, 842473
What are the prime factors of 646020?
2, 3, 5, 37, 97
What are the prime factors of 4010508?
2, 3, 101, 1103
What are the prime factors of 28638467?
11, 13, 271, 739
What are the prime factors of 3218228?
2, 13, 199, 311
List the prime factors of 125743.
125743
What are the prime factors of 475703?
19, 25037
What are the prime factors of 12502325?
5, 11, 4133
What are the prime factors of 8870189?
443, 20023
List the prime factors of 10476056.
2, 557, 2351
List the prime factors of 6308864.
2, 61, 101
List the prime factors of 39363.
3, 13121
What are the prime factors of 2615946?
2, 3, 127, 3433
List the prime factors of 184707.
3, 6841
What are the prime factors of 10061342?
2, 5030671
List the prime factors of 10987375.
5, 7, 29, 433
List the prime factors of 3971988.
2, 3, 19, 5807
What are the prime factors of 1555211?
7, 17, 1867
List the prime factors of 32361929.
43, 752603
What are the prime factors of 242550?
2, 3, 5, 7, 11
List the prime factors of 2057493.
3, 17, 40343
What are the prime factors of 371640?
2, 3, 5, 19, 163
What are the prime factors of 236119?
13, 41, 443
List the prime factors of 9892080.
2, 3, 5, 11, 1249
What are the prime factors of 12467196?
2, 3, 7, 23, 239
List the prime factors of 495491.
495491
What are the prime factors of 1692136?
2, 43, 4919
What are the prime factors of 449139?
3, 149713
List the prime factors of 754029.
3, 29, 107
What are the prime factors of 349966?
2, 233, 751
What are the prime factors of 2893240?
2, 5, 7, 10333
List the prime factors of 912744.
2, 3, 7, 1811
What are the prime factors of 76970?
2, 5, 43, 179
List the prime factors of 202749.
3, 19, 3557
List the prime factors of 10164493.
2591, 3923
What are the prime factors of 374322?
2, 3, 13, 4799
List the prime factors of 4244402.
2, 41, 191, 271
What are the prime factors of 353581?
47, 7523
List the prime factors of 28062.
2, 3, 1559
List the prime factors of 789182.
2, 197, 2003
What are the prime factors of 51808?
2, 1619
What are the prime factors of 150847?
150847
List the prime factors of 6118499.
6118499
List the prime factors of 243035.
5, 13, 3739
List the prime factors of 295318.
2, 149, 991
List the prime factors of 340318.
2, 11, 31, 499
List the prime factors of 154873.
154873
What are the prime factors of 205088?
2, 13, 17, 29
List the prime factors of 797739.
3, 59, 4507
List the prime factors of 28124748.
2, 3, 781243
What are the prime factors of 1987821?
3, 11, 23, 97
What are the prime factors of 233980?
2, 5, 11699
What are the prime factors of 35731003?
7, 11, 31, 14969
What are the prime factors of 14007715?
5, 2801543
List the prime factors of 12564135.
3, 5, 279203
What are the prime factors of 13208914?
2, 19, 31, 11213
What are the prime factors of 3256381?
29, 112289
List the prime factors of 373056.
2, 3, 29, 67
What are the prime factors of 295194?
2, 3, 49199
List the prime factors of 1091342.
2, 7, 137, 569
What are the prime factors of 244265?
5, 7, 997
What are the prime factors of 15286006?
2, 701, 10903
List the prime factors of 178728.
2, 3, 11, 677
List the prime factors of 23355315.
3, 5, 281, 1847
List the prime factors of 466864.
2, 29179
List the prime factors of 1847424.
2, 3, 17, 283
What are the prime factors of 6477829?
6477829
List the prime factors of 6477761.
67, 109, 887
List the prime factors of 11626246.
2, 5813123
List the prime factors of 4594332.
2, 3, 382861
What are the prime factors of 1130860?
2, 5, 56543
List the prime factors of 1417932.
2, 3, 19, 691
List the prime factors of 690389.
7, 98627
What are the prime factors of 3907769?
23, 71, 2393
List the prime factors of 782788.
2, 195697
List the prime factors of 1771436.
2, 29, 15271
List the prime factors of 92984.
2, 59, 197
List the prime factors of 1835551.
61, 30091
List the prime factors of 29985154.
2, 19, 47, 103, 163
List the prime factors of 5136128.
2, 20063
What are the prime factors of 275467?
47, 5861
List the prime factors of 6542498.
2, 19, 172171
What are the prime factors of 4446271?
131, 33941
What are the prime factors of 16722368?
2, 13, 101, 199
What are the prime factors of 379232?
2, 7, 1693
List the prime factors of 4140838.
2, 13, 12251
What are the prime factors of 44702?
2, 7, 31, 103
List the prime factors of 44244.
2, 3, 1229
List the prime factors of 10052858.
2, 5026429
List the prime factors of 5998470.
2, 3, 5, 79, 2531
List the prime factors of 561432.
2, 3, 149, 157
List the prime factors of 67688.
2, 8461
List the prime factors of 35552.
2, 11, 101
What are the prime factors of 236788?
2, 59197
List the prime factors of 535663.
535663
List the prime factors of 596693.
596693
What are the prime factors of 17222?
2, 79, 109
List the prime factors of 2021395.
5, 523, 773
List the prime factors of 136169.
11, 12379
What are the prime factors of 216105?
3, 5, 14407
What are the prime factors of 230649